 874022.
2, 437011
List the prime factors of 1513202.
2, 756601
List the prime factors of 98962.
2, 49481
List the prime factors of 4539053.
337, 13469
List the prime factors of 175659.
3, 11, 5323
List the prime factors of 690332.
2, 172583
What are the prime factors of 6216139?
6216139
List the prime factors of 2180557.
2180557
What are the prime factors of 266337?
3, 101, 293
What are the prime factors of 2593630?
2, 5, 13, 71, 281
List the prime factors of 191207.
367, 521
List the prime factors of 394084.
2, 83, 1187
What are the prime factors of 53957?
79, 683
What are the prime factors of 2216598?
2, 3, 83, 4451
What are the prime factors of 821445?
3, 5, 23, 2381
List the prime factors of 438022.
2, 13, 17, 991
List the prime factors of 870096.
2, 3, 18127
List the prime factors of 123071.
13, 9467
What are the prime factors of 3451643?
13, 265511
List the prime factors of 2328437.
409, 5693
What are the prime factors of 31105?
5, 6221
List the prime factors of 1794672.
2, 3, 11, 103
List the prime factors of 616212.
2, 3, 17117
List the prime factors of 1751291.
1751291
What are the prime factors of 108547?
19, 29, 197
List the prime factors of 194803.
7, 17, 1637
What are the prime factors of 10353822?
2, 3, 19, 90823
List the prime factors of 13774271.
7, 1967753
List the prime factors of 190202.
2, 95101
What are the prime factors of 367572?
2, 3, 30631
List the prime factors of 302399.
302399
List the prime factors of 1649878.
2, 824939
What are the prime factors of 1675337?
919, 1823
What are the prime factors of 104898?
2, 3, 17483
List the prime factors of 6644112.
2, 3, 97, 1427
What are the prime factors of 212145?
3, 5, 14143
List the prime factors of 2458806.
2, 3, 7, 58543
What are the prime factors of 275716?
2, 7, 43, 229
What are the prime factors of 2048912?
2, 37, 3461
What are the prime factors of 2077038?
2, 3, 23, 29, 173
List the prime factors of 967682.
2, 41, 11801
List the prime factors of 708765.
3, 5, 47251
What are the prime factors of 5329300?
2, 5, 137, 389
List the prime factors of 250497.
3, 13, 2141
List the prime factors of 2693000.
2, 5, 2693
List the prime factors of 1030525.
5, 41221
List the prime factors of 236252.
2, 59063
What are the prime factors of 301096?
2, 61, 617
What are the prime factors of 2819920?
2, 5, 101, 349
What are the prime factors of 431402?
2, 41, 5261
What are the prime factors of 206735?
5, 173, 239
What are the prime factors of 24331300?
2, 5, 7, 34759
List the prime factors of 490034.
2, 89, 2753
What are the prime factors of 253562?
2, 126781
What are the prime factors of 3701052?
2, 3, 11423
What are the prime factors of 322924?
2, 7, 19, 607
What are the prime factors of 4109412?
2, 3, 342451
List the prime factors of 421340.
2, 5, 21067
What are the prime factors of 33860638?
2, 7, 331, 7307
List the prime factors of 694094.
2, 23, 79, 191
List the prime factors of 24170373.
3, 73, 12263
What are the prime factors of 1328591?
11, 269, 449
List the prime factors of 364197.
3, 73, 1663
What are the prime factors of 6564900?
2, 3, 5, 79, 277
List the prime factors of 9057529.
13, 67, 10399
What are the prime factors of 318767?
17, 1103
What are the prime factors of 8438366?
2, 4219183
What are the prime factors of 2549844?
2, 3, 11, 47, 137
List the prime factors of 57467.
57467
List the prime factors of 20653963.
11, 17, 73, 89
List the prime factors of 133366.
2, 66683
List the prime factors of 3825165.
3, 5, 271, 941
What are the prime factors of 2077984?
2, 64937
List the prime factors of 1104929.
7, 29, 5443
What are the prime factors of 7894473?
3, 983, 2677
List the prime factors of 16222159.
233, 69623
What are the prime factors of 3493255?
5, 431, 1621
What are the prime factors of 230849?
230849
List the prime factors of 255213.
3, 7, 4051
What are the prime factors of 1986068?
2, 7, 10133
List the prime factors of 9840156.
2, 3, 67, 12239
List the prime factors of 403780.
2, 5, 13, 1553
List the prime factors of 8678729.
31, 83, 3373
List the prime factors of 5615303.
5615303
What are the prime factors of 32403181?
1019, 31799
List the prime factors of 238699.
29, 8231
List the prime factors of 1140581.
13, 17, 397
List the prime factors of 432200.
2, 5, 2161
What are the prime factors of 1003926?
2, 3, 7, 11, 41, 53
List the prime factors of 1458792.
2, 3, 20261
What are the prime factors of 8423351?
31, 163, 1667
What are the prime factors of 199731?
3, 7, 9511
List the prime factors of 22147561.
29, 89, 8581
List the prime factors of 931523.
23, 101, 401
What are the prime factors of 28814327?
1423, 20249
What are the prime factors of 212025?
3, 5, 11, 257
List the prime factors of 9653.
7, 197
What are the prime factors of 4059893?
239, 16987
What are the prime factors of 1596138?
2, 3, 266023
What are the prime factors of 1167856?
2, 47, 1553
What are the prime factors of 114953?
139, 827
List the prime factors of 1297516.
2, 11, 37, 797
List the prime factors of 141261.
3, 47087
What are the prime factors of 1068412?
2, 37, 7219
What are the prime factors of 194907?
3, 64969
What are the prime factors of 22865?
5, 17, 269
What are the prime factors of 319926?
2, 3, 71, 751
What are the prime factors of 1376438?
2, 7, 98317
List the prime factors of 18121292.
2, 7, 647189
What are the prime factors of 69566?
2, 7, 4969
List the prime factors of 336813.
3, 19, 311
List the prime factors of 31152770.
2, 5, 11, 283207
What are the prime factors of 195735?
3, 5, 13049
What are the prime factors of 8854430?
2, 5, 13, 68111
What are the prime factors of 3265654?
2, 7, 47, 709
List the prime factors of 291523.
37, 7879
List the prime factors of 24051554.
2, 37, 325021
List the prime factors of 448813.
59, 7607
What are the prime factors of 865948?
2, 37, 5851
List the prime factors of 823184.
2, 51449
What are the prime factors of 12495947?
433, 28859
What are the prime factors of 22525?
5, 17, 53
What are the prime factors of 14316164?
2, 229, 15629
List the prime factors of 616229.
616229
List the prime factors of 2026654.
2, 7, 19, 401
List the prime factors of 1069524.
2, 3, 3301
List the prime factors of 1127081.
1127081
List the prime factors of 567550.
2, 5, 11351
List the prime factors of 30878.
2, 15439
What are the prime factors of 4307096?
2, 37, 14551
What are the prime factors of 8539333?
11, 70573
List the prime factors of 45420.
2, 3, 5, 757
List the prime factors of 4450758.
2, 3, 13, 43, 1327
What are the prime factors of 1214925?
3, 5, 97, 167
What are the prime factors of 447261?
3, 149087
What are the prime factors of 4899777?
3, 19, 67, 1283
What are the prime factors of 1226185?
5, 127, 1931
What are the prime factors of 76111?
7, 83, 131
What are the prime factors of 398360?
2, 5, 23, 433
List the prime factors of 632124.
2, 3, 1951
What are the prime factors of 386663?
31, 12473
List the prime factors of 431163.
3, 5323
List the prime factors of 908932.
2, 227233
What are the prime factors of 737671?
11, 67061
What are the prime factors of 148253?
7, 21179
List the prime factors of 193506.
2, 3, 32251
List the prime factors of 2118141.
3, 235349
List the prime factors of 30474.
2, 3, 1693
What are the prime factors of 57786?
2, 3, 9631
What are the prime factors of 71776?
2, 2243
What are the prime factors of 1840311?
3, 11, 29, 641
List the prime factors of 143400.
2, 3, 5, 239
What are the prime factors of 36022535?
5, 7204507
What are the prime factors of 25515192?
2, 3, 271, 3923
What are the prime factors of 3555323?
173, 20551
List the prime factors of 7062804.
2, 3, 7, 28027
List the prime factors of 106745.
5, 37, 577
List the prime factors of 1541914.
2, 11, 109, 643
List the prime factors of 146515.
5, 29303
List the prime factors of 4038905.
5, 13, 62137
What are the prime factors of 326063?
326063
List the prime factors of 1576025.
5, 11, 521
List the prime factors of 307369.
379, 811
What are the prime factors of 18225644?
2, 31, 103, 1427
What are the prime factors of 2431340?
2, 5, 17, 7151
List the prime factors of 3327429.
3, 7, 158449
List the prime factors of 711865.
5, 7, 11, 43
List the prime factors of 14442845.
5, 2888569
What are the prime factors of 806825?
5, 59, 547
What are the prime factors of 9295213?
92